uppose 5*d = -11*d - 1456. What is the remainder when 411/21 + (-39)/d is divided by 15?
5
Let x be -523 + (1/3)/(1/(-15)). What is the remainder when 71 is divided by (-192)/x + (-806)/(-22)?
34
Suppose 2*a - 3*y = -y + 54, 4*y = -4*a + 92. Suppose -6*d = -31 + a. Suppose 3*m - 5 = 7. What is the remainder when m is divided by d?
0
Let o = -4871 + 4895. Calculate the remainder when 309 is divided by o.
21
Let v = -189 + 205. Let x = 43 - -82. Calculate the remainder when x is divided by v.
13
Let o = -1 + 5. Suppose -4*c + 1 = o*s - 99, 2*c = -5*s + 119. Calculate the remainder when s is divided by (-7 - (-16 + 45))*2/(-8).
5
Let g = -4603 + 4713. Calculate the remainder when 167 is divided by g.
57
Suppose 0 = -3*y - b + 8814, -6*b + 7*b - 6 = 0. Calculate the remainder when y is divided by 42.
38
Let r = -407 - -423. Suppose -z = -3*c + 79, -5*z = -r*c + 18*c - 47. What is the remainder when 54 is divided by c?
2
Suppose -9 - 81 = -n - 2*z, 3*z = -5*n + 457. What is the remainder when n is divided by (-2)/(-7) - (-187)/7?
11
Let z(r) = 2*r**3 + 20*r**2 + 34*r + 249. What is the remainder when z(-9) is divided by 41?
23
Let g(f) = f + 11. Let o be g(-5). Suppose -5*v + 23 = -3*l, 2*v = o*v + l - 15. Suppose 48 - 8 = v*u. Calculate the remainder when 59 is divided by u.
9
Suppose 2*v = 4*w - 3844, 4*w - v - 4*v - 3832 = 0. Calculate the remainder when w is divided by 91.
53
What is the remainder when 3550 is divided by 80*(-23)/((-3105)/(-18))*-3?
30
Let t be 3954/9 + (-2)/6. Suppose 0 = 8*b + 47 - t. What is the remainder when b is divided by 4?
1
Let v be ((-5)/15)/(21/(-9) + 2). Let w(b) = -16*b + 2. Let d be w(v). Let c = d + 27. Calculate the remainder when 21 is divided by c.
8
Let n(y) = 6*y**2 + 364*y - 1464. Calculate the remainder when 13199 is divided by n(4).
87
Let n = -48 - -55. Suppose 38 = n*o - 144. Calculate the remainder when 95 is divided by o.
17
Suppose 2*f - 122 + 810 = 0. Let j = -299 - f. Let x(o) = 2*o**3. Calculate the remainder when j is divided by x(2).
13
Suppose 3*z - 4*p - 62 = 48, -134 = -3*z - 2*p. Let j = 8 - 11. Let f = j + 25. Calculate the remainder when z is divided by f.
20
Suppose 5*l + 3*o = 111, -l + 0*l + 27 = 3*o. Let z = -16 - -19. Suppose 2*u = -z*u + 40. Calculate the remainder when l is divided by u.
5
Let x(h) = -3*h**3 + 5*h**2 - 27*h - 161. Calculate the remainder when x(-4) is divided by 18.
3
Let s(j) = -363*j**3 + 6*j**2 - 12. Let q be s(-4). Suppose 5*v + 24*v - q = 0. Calculate the remainder when v is divided by 26.
24
Suppose w - 2*q + 824 = 5*w, 3*w = 4*q + 607. Let p = 211 - w. Calculate the remainder when 17 is divided by p.
5
Let p = 1691 + -775. Let m = p - 1290. What is the remainder when (-4)/(-14) + m/(-14) is divided by 6?
3
Let g(c) = -14*c - 19. Let v be g(5). Let q = -65 - v. Calculate the remainder when (-853)/(-9) + (-10)/(-45) is divided by q.
23
Let x = 431 - 820. Let n = 136 - x. What is the remainder when n is divided by 48?
45
Let a = 159 + -149. Suppose -n + 6 = 2*b, 5*n + 0*b - 42 = -4*b. Calculate the remainder when n is divided by a.
0
Let k(m) = 5*m. Calculate the remainder when 15*65/25 + -9 is divided by k(4).
10
Suppose q = -5*y - 3*q + 73, -2*y + 3*q + 20 = 0. Suppose 0 = 4*u + s + 18, 5*s = 3*u + 2*s + 6. What is the remainder when y is divided by (9/(-4) - -1)*u?
3
Let d(x) = -34*x - 396. What is the remainder when 537 is divided by d(-12)?
9
Let t = -4400 + 20654. What is the remainder when t is divided by 127?
125
Let j(x) = -315*x + 9928. What is the remainder when j(30) is divided by (-1)/(14/(-120))*7?
58
Let w be (5 - (-243)/(-2))*-2. Let b = w - 175. What is the remainder when 403 is divided by b?
55
Suppose 36*k + 2*p + 94 = 41*k, 0 = -2*k + 3*p + 42. Calculate the remainder when 43 is divided by k.
7
Suppose -25*k - 28*k + 370 = -425. Calculate the remainder when 41 is divided by k.
11
Let o(d) = 10*d**2 - 3*d + 3. What is the remainder when 1807 is divided by o(1)?
7
Suppose 37*u - 38*u + 2 = 4*n, 5*n = -5*u + 85. What is the remainder when 184 is divided by u?
8
Suppose 8*m = 2*x - 712, 3*x + 1157 = m + 2280. What is the remainder when x is divided by 224?
152
Let g(w) = 18*w**2 - 8. Let z be g(-2). Suppose -2*d - 4*i = -82, -2*d + z = -5*i - 36. Calculate the remainder when 134 is divided by d.
44
Let x(v) = -107*v - 75. Let n be x(-5). Suppose -21*o + 11*o = -n. What is the remainder when 229 is divided by o?
45
Let h be (2/(-1))/2 - (1 + -2). Suppose h = -5*j + 4*k + 20, 2*k = 5*j - j - 16. Suppose -2*p + j*p - 176 = 0. What is the remainder when p is divided by 23?
19
Suppose -42*w + 408 = -59 - 289. What is the remainder when w is divided by -4*(-2 + (-3)/(-4))?
3
Let z(p) = -p**3 - 11*p**2 + 10*p + 68. Let b = -762 + 750. What is the remainder when z(b) is divided by 52?
40
Suppose -7*f = -12497 + 12455. Calculate the remainder when 10 is divided by f.
4
Let g = 159 + -89. Suppose 41*s - 5*s - 49 = 2219. Calculate the remainder when g is divided by s.
7
Suppose 1035 = -68*o + 63*o. Let j = o + 216. Calculate the remainder when 21 is divided by j.
3
Let q(i) = 41*i - 87. Let p be q(4). Let d = p + -72. What is the remainder when 56 is divided by d?
1
Suppose 200 = 2*a + 4*x, -4*a - 5*x - 23 = -429. What is the remainder when a is divided by -22*(-1 - 2/(-4))/(8 + -7)?
5
Suppose 3*k - 195 + 48 = 0. Calculate the remainder when k is divided by (2 - (26 + -17)) + 20.
10
Let l = 280 + -559. Let m = l - -318. Calculate the remainder when -76*(1 + -3) - -1 is divided by m.
36
Suppose 0 = -7*f + 220 - 3. Suppose -2*z = -f - 65. Calculate the remainder when 187 is divided by z.
43
Suppose 22*a - 21*a = 2*h - 466, -2*h - 3*a = -474. Calculate the remainder when h is divided by 46.
4
Suppose -4*p = -380 + 20. Suppose -282*g + 156 = -269*g. Suppose -36*x + 32*x = g, 79 = 2*s + 5*x. What is the remainder when p is divided by s?
43
Suppose 3*y - 9 = 3*r, -y - 1 = -4. Suppose p = 5*h - 280, -4*h + r*h - p + 233 = 0. Let n = h - 47. Calculate the remainder when 20 is divided by n.
0
Let k = -133 + 137. Suppose 3*u = -5*x + 81, -u - k + 23 = -x. Calculate the remainder when u is divided by 12.
10
Suppose -66*c + 9334 = -53*c. Let k = -704 + c. Calculate the remainder when 17 is divided by k.
3
Let y = 3389 + -2908. Calculate the remainder when y is divided by 238.
5
Suppose -2*u - 4*g = -2474, 1272 = 179*u - 178*u - 5*g. Calculate the remainder when u is divided by 605.
37
Suppose -3*y - n - 3*n + 563 = 0, y = 3*n + 192. Calculate the remainder when y is divided by ((-41250)/1925)/((-45)/126).
9
Suppose -32332 = -78*r - 40*r. What is the remainder when r is divided by 96?
82
Let h(z) = -2*z - 15. Let l = -70 - -58. Let b be h(l). Suppose 36 = b*s - 6*s. What is the remainder when 44 is divided by s?
8
Calculate the remainder when 28 - ((-128)/112)/(2/(-14)) is divided by 12.
8
Suppose 0 = -1297*u + 1107*u + 31540. Calculate the remainder when 191 is divided by u.
25
Suppose 0*p + 3*p = 141. Let b(f) = -f**3 + 2*f**2 - 2*f + 2. Let m be b(2). Calculate the remainder when p is divided by ((-5)/(-15))/(m - 158/(-78)).
8
Suppose y - 4*y + 36 = 0. Calculate the remainder when (32 - 17) + (1 - -329) is divided by y.
9
Let i = 1115 - 1084. Calculate the remainder when (74/(-10))/(6/(-120)) is divided by i.
24
Let u = -778 + 787. Suppose -4*x = -u*z + 5*z + 116, 3*x = -z + 29. Calculate the remainder when 81 is divided by z.
23
Suppose s + 3*z = 68 - 25, -2*z = s - 39. Let a = -3138 - -3193. Calculate the remainder when a is divided by s.
24
Let d(a) = a**2 + 4*a + 1. Let l be d(-4). Calculate the remainder when 44 + l - (23 + -23) is divided by 434/63 + (-3)/(-27).
3
Let g(d) = 2*d**2 + 12*d - 8. Suppose -3*q - 32 = 4*i - 2*q, 4*q = 2*i + 16. Let l be g(i). Calculate the remainder when 14 is divided by 1 + 4 + l + -24.
4
Let a(f) = 5*f - 157. Let z(t) = 70*t**2 - 2*t + 1. Calculate the remainder when z(1) is divided by a(37).
13
Suppose -4*q + 0*q + 408 = 8*q. What is the remainder when 137 is divided by q?
1
Suppose 0 = 196*n - 193*n + 5*w - 2452, -2*w - 1608 = -2*n. Calculate the remainder when n is divided by 29.
26
Suppose p + 65 = -k, 9*k - 7*k - p + 127 = 0. What is the remainder when (k/40)/(4/(-250)) is divided by 26?
22
Let b be -7*(-2)/42*141. Supp